
4a204
-16545165 (base 7) to base 12
-6643b3
-13302612 (base 7) to base 14
-23d6b2
250423233 (base 6) to base 7
55512531
-2143114 (base 6) to base 7
-623566
What is 1a44858 (base 13) in base 7?
133434022
What is -131232020 (base 4) in base 3?
-20011222202
-100101002220102 (base 3) to base 13
-10557a4
What is -102400441 (base 5) in base 13?
-1229ca
What is 858d6 (base 14) in base 5?
40312204
-67832 (base 9) to base 10
-45146
What is 313000133211 (base 4) in base 11?
8159a08
Convert -6265313 (base 8) to base 3.
-10010121222001
What is -32244433 (base 5) in base 10?
-274993
What is 101223023 (base 4) in base 13?
26c4b
What is a4a0b (base 13) in base 9?
501148
What is 23121414 (base 5) in base 11?
13208a
-38769 (base 12) to base 7
-440562
Convert 57998 (base 10) to base 14.
171ca
Convert 3202304244 (base 5) to base 11.
3854176
What is 5a7ca (base 15) in base 4?
1012132000
1a5254 (base 11) to base 3
120222022002
What is 639c (base 13) in base 10?
13818
What is -110123404 (base 5) in base 13?
-137751
Convert -230311112 (base 5) to base 3.
-1221010002221
-ac520 (base 14) to base 13
-1183c3
-7506b (base 13) to base 2
-110011100000111001
Convert -11001011010001000111 (base 2) to base 7.
-10035233
What is 418410 (base 9) in base 15?
4db4c
-133067 (base 13) to base 14
-c0d80
Convert 48913 (base 13) to base 8.
404355
What is -e953d (base 16) in base 13?
-276011
Convert 2730515 (base 8) to base 7.
6341032
Convert 10100010101011000 (base 2) to base 15.
19a28
Convert -16831586 (base 9) to base 5.
-4131334102
What is -4212288 (base 10) in base 16?
-404640
14404235 (base 6) to base 11
310694
Convert aa7ca (base 13) to base 8.
1133301
Convert 180673 (base 9) to base 7.
644535
-443a1 (base 12) to base 13
-321c7
What is -11020320003 (base 4) in base 10?
-1347075
What is -93b38 (base 13) in base 5?
-31444141
146033a (base 14) to base 9
20576587
-4913 (base 15) to base 14
-5943
Convert -1029601 (base 11) to base 8.
-6726055
-140024 (base 9) to base 8
-246503
What is -25635003 (base 7) in base 12?
-951146
What is ec894 (base 15) in base 11?
47341a
11000000011110011100 (base 2) to base 16
c079c
8a560 (base 12) to base 7
1364220
14159 (base 12) to base 6
332553
What is -3107ea (base 16) in base 8?
-14203752
Convert -807103 (base 12) to base 15.
-2986b9
What is 22121100012 (base 4) in base 3?
12010102211010
-652162 (base 11) to base 13
-2a65a9
-187f7 (base 16) to base 6
-2052315
121031113 (base 4) to base 6
2114011
Convert 389a99 (base 14) to base 15.
2870e6
What is 11000111101111111100 (base 2) in base 5?
202140142
What is 18822a1 (base 13) in base 2?
11110101000100100101000
What is -13132235 (base 6) in base 3?
-210221201112
-274a103 (base 12) to base 15
-a45493
What is -242886 (base 9) in base 16?
-23c5e
20020002022020 (base 3) to base 16
327b88
Convert -820d6 (base 14) to base 15.
-62b1e
Convert -4839b (base 14) to base 2.
-101011000011010101
5301056 (base 7) to base 13
194b49
What is 11459ed (base 15) in base 12?
4187607
Convert 38c7a (base 13) to base 7.
616153
What is 100100101110101101111 (base 2) in base 15?
18b92c
Convert -4827216 (base 9) to base 12.
-a62266
Convert -108628 (base 13) to base 11.
-246a50
Convert -665340 (base 8) to base 10.
-223968
1149e (base 15) to base 9
83455
Convert -55062424 (base 8) to base 16.
-b46514
631631 (base 10) to base 14
126287
What is 4870588 (base 9) in base 14?
4cba9a
40443 (base 15) to base 3
101100002200
What is -814b54 (base 13) in base 9?
-5586373
Convert 1152551313 (base 6) to base 4.
302232011331
Convert 100100101011 (base 2) to base 7.
6562
Convert -231631 (base 13) to base 6.
-25453344
Convert 330017 (base 8) to base 6.
2212023
Convert -773136 (base 8) to base 13.
-91273
What is 2bb09 (base 14) in base 7?
633212
What is -221363 (base 9) in base 2?
-100000010010011001
Convert 2bc8dd (base 16) to base 12.
b646a5
What is -11100001100100000101110 (base 2) in base 15?
-9b001d
-851185 (base 9) to base 6
-14502552
Convert 1079 (base 15) to base 11.
2692
Convert 1d32a1 (base 16) to base 5.
442213010
Convert -64853c (base 14) to base 9.
-6356761
What is -61254 (base 14) in base 2?
-111001000011101010
-69560 (base 11) to base 8
-304220
-707213 (base 8) to base 7
-1660406
Convert 423154 (base 6) to base 14.
c782
What is -1011894 (base 10) in base 14?
-1c4aa2
What is -3054030 (base 7) in base 6?
-11504013
What is 12023103003 (base 4) in base 8?
6132303
What is -14195 (base 15) in base 16?
-fbea
-19c8b92 (base 13) to base 3
-121001101222001
-2102122221 (base 3) to base 12
-23851
What is 63166 (base 7) in base 12?
8ba4
Convert -1010100001000101011 (base 2) to base 13.
-c0b22
100211002212201 (base 3) to base 13
110913a
23120230303 (base 4) to base 8
13305463
Convert 2042352 (base 8) to base 2.
10000100010011101010
-11010011001101111011 (base 2) to base 16
-d337b
Convert 1120120010012 (base 3) to base 16.
cc84b
What is 17a5043 (base 11) in base 2?
1011101001000111111110
Convert 604446 (base 9) to base 8.
1272310
Convert 4305641 (base 8) to base 4.
10120232201
911578 (base 10) to base 16
de8da
Convert 66005 (base 7) to base 2.
100000001010101
-410015 (base 14) to base 3
-11010020202011
What is -261966a (base 11) in base 2?
-10001010011101000010010
What is -110000111011000111 (base 2) in base 4?
-300323013
Convert -202432 (base 11) to base 15.
-665a8
1444402012 (base 5) to base 13
a688c2
a9a9f (base 16) to base 11
435137
13304350 (base 7) to base 16
12beb1
-542a (base 15) to base 5
-1032230
Convert -231224424 (base 5) to base 10.
-1039364
93537a (base 11) to base 2
101101110010101000111
Convert -112320212 (base 6) to base 3.
-10220121122222
What is 77f6 (base 16) in base 15?
9175
Convert -522262 (base 7) to base 4.
-111321001
Convert -2672042 (base 8) to base 14.
-1577a2
What is 142120211 (base 6) in base 10?
2903119
143524341 (base 6) to base 3
12121111020221
Convert -361aa2 (base 11) to base 15.
-b4e87
Convert 10352650 (base 7) to base 15.
127c24
Convert 100a8a6 (base 12) to base 5.
1232121132
What is 1213335331 (base 6) in base 5?
12023312010
Convert -8c208 (base 14) to base 5.
-41400111
What is 312032100 (base 5) in base 9?
2365440
Convert 1211011122 (base 4) to base 6.
12512510
Convert 27cc1 (base 13) to base 11.
51127
Convert 110010000001111110111 (base 2) to base 5.
404430130
-1022323 (base 5) to base 16
-433d
Convert d2c299 (base 16) to base 11.
7884497
What is -d2852 (base 14) in base 2?
-1111011101010101000
Convert 30e54 (base 15) to base 9.
255677
What is -3320342 (base 5) in base 9?
-87006
Convert -4b5440 (base 15) to base 12.
-1262496
-c4192 (base 14) to base 12
-1a9398
-21122001111210 (base 3) to base 15
-551ab9
10156 (base 16) to base 6
1224554
Convert -225134 (base 8) to base 7.
-435453
Convert -36cc0 (base 15) to base 12.
-85339
What is -aeb39d (base 15) in base 11?
-4787336
What is -2135515 (base 6) in base 2?
-11001111100000111
-3425671 (base 8) to base 10
-928697
What is 1134346 (base 7) in base 9?
237404
-112222022022 (base 3) to base 2
-1000111111101010100
What is 490179 (base 10) in base 15?
9a389
What is -19770814 (base 10) in base 4?
-1023122312332
-1b535b (base 12) to base 8
-1665267
Convert a85996 (base 13) to base 7.
45415556
6216019 (base 11) to base 3
202122112122201
Convert -1352871 (base 14) to base 9.
-18518130
Convert 1020000020012 (base 3) to base 15.
cc78b
a0211 (base 13) to base 16
45d0a
What is -a30e74 (base 16) in base 9?
-22086468
Convert 173d2 (base 16) to base 7.
544340
Convert 2046450 (base 7) to base 13.
88689
21514 (base 9) to base 13
6658
Convert -6678 (base 10) to base 6.
-50530
Convert -111100100100100001010 (base 2) to base 7.
-22604345
Convert -333013003 (base 4) to base 10.
-258499
53624 (base 8) to base 12
10b84
691242 (base 10) to base 11
432382
Convert -211232133303 (base 4) to base 7.
-150030114
Convert 133001041 (base 5) to base 6.
22223113
-1064422 (base 8) to base 13
-a1740
75895c (base 13) to base 8
12420506
What is 110011111111111011 (base 2) in base 6?
4322015
Convert 354415 (base 8) to base 14.
321c1
-28247 (base 11) to base 5
-2241343
Convert 10c73 (base 16) to base 7.
404234
What is -11112210110 (base 3) in base 15?
-1b7cc
What is -774276 (base 10) in base 15?
-104636
What is -29719 (base 15) in base 3?
-20202202020
What is 527347 (base 12) in base 5?
313020330
Conv